 144 = a + a. Suppose -84 = -5*p + 6. What is the highest common divisor of p and a?
18
Suppose 5*g = -3*j - 2*j - 35, -5*g - 19 = -3*j. Let f = j - -12. Let x(m) = 2*m**2 - 7*m + 5. Let s be x(5). Calculate the greatest common divisor of f and s.
10
Let l = -8 - -21. Suppose -z + l = -6. What is the highest common factor of 57 and z?
19
Let a be (-1 + 9/5)/(100/(-22750)). Let n be 2/4*a/(-1). Calculate the greatest common divisor of n and 13.
13
Let p = -216 - -458. Let b be (10 - -16) + 8/(-2). Calculate the highest common divisor of b and p.
22
Let x = 6 + 4. Suppose 2*z - 17 = 4*k + 11, -x = -2*k. Let y be (16/12)/(4/9*1). Calculate the greatest common divisor of z and y.
3
Suppose f = -4, -7*u + f = -9*u - 4. Suppose -4*t + t - b + 21 = u, 3*b + 1 = -t. Calculate the greatest common factor of 8 and t.
8
Suppose -15*w + 2*b = -12*w - 57, 3*b - 57 = -3*w. Calculate the greatest common divisor of w and 1.
1
Let k be (4 - -1)*3666/195. What is the greatest common divisor of k and 2?
2
Let u(h) be the third derivative of 5*h**4/24 - 5*h**3/6 + 13*h**2. Let y be u(3). What is the highest common factor of 110 and y?
10
Let x be 2/(-3) - 14/6. Let h = -2 - x. Suppose -61 - 18 + 15 = -64*l. Calculate the highest common divisor of h and l.
1
Suppose 0 = -15*i + q + 678, -4*i - i + 219 = 2*q. Suppose 2*z - 5 = -5*t, -3*z - z + 2*t + 22 = 0. What is the greatest common factor of z and i?
5
Suppose 378 = 3*m - 0*m. Calculate the highest common factor of 98 and m.
14
Let u(q) = 4*q**2 + 60*q + 4. Let f be u(-15). Let x be (-9)/(-7) - (-2)/(-7). What is the greatest common factor of f and x?
1
Suppose -4*b = -138 - 134. Suppose -b - 12 = -2*r. Calculate the greatest common factor of r and 8.
8
Let i(x) = 10*x**3 - 3*x**2 - 16*x - 3. Let m be i(5). Suppose 0 = 11*w + 2*w - m. Calculate the highest common factor of w and 36.
12
Let s = -65 - -23. Let a = -14 - s. Let g(v) = v**3 + 11*v**2 + 13*v + 11. Let z be g(-9). What is the greatest common factor of a and z?
28
Suppose -118 = -6*j - 28. Suppose -5*v + 0 + 25 = 0. What is the greatest common divisor of v and j?
5
Let n = 107 - 27. Calculate the highest common factor of 60 and n.
20
Let l(q) = 332*q**2 - 16*q + 16. Let w be l(1). Calculate the greatest common factor of w and 4.
4
Suppose 31*p = -7*p + 3496. What is the highest common factor of p and 69?
23
Let z = -17 - -22. Suppose -z*c = 3*p + 93, 6*p - 2*p + c + 141 = 0. Let u = p - -52. What is the greatest common divisor of u and 64?
16
Suppose -j = 4*p - 522, 0 = 12*p - 14*p - 3*j + 266. What is the greatest common divisor of 70 and p?
10
Let j(p) = 5*p**3 - 4*p**2 + p + 4. Let r(h) = h**3 + 8*h**2 + 8*h + 9. Let b be r(-7). Let v be j(b). Calculate the greatest common factor of 15 and v.
15
Let m(n) = -n**2 + 7*n - 3. Let x be m(5). Let y(w) = 13*w**2 + 17*w**2 + 5 + 7*w**2 - w - x. Let i be y(2). What is the greatest common factor of i and 16?
16
Let l(u) = -630*u**3 - 2*u**2 - 2*u - 1. Let p be l(-1). Calculate the greatest common divisor of p and 17.
17
Let q be (-34)/(-3) - 2/(-3). Let x(z) = 11*z + 29. Let t be x(5). Calculate the greatest common divisor of q and t.
12
Suppose 0 = q - 0 - 15. Calculate the greatest common divisor of 5 and q.
5
Let n = 18 - 20. Let b be 3/((-28)/(-8) + n). What is the highest common factor of b and 5?
1
Suppose -3*x = -3*r + 180, 0 = -r + 5*x + 48 - 0. Let v(d) = -d + 55. Let a be v(0). Suppose -a + 10 = -5*c. Calculate the greatest common divisor of c and r.
9
Let d(m) = -4*m**3 - 22*m**2 - 10*m + 4. Let u be d(-5). Suppose 11 = -5*o - 4. Let i be -1 + 33/(-2 - o). What is the highest common divisor of u and i?
4
Let u(m) = -2*m + 13. Let f be u(-7). Suppose f*d = 20*d + 840. What is the greatest common factor of 15 and d?
15
Suppose -69 = -5*l + 201. What is the highest common factor of 135 and l?
27
Suppose 6*z - 11*z - 4*a + 532 = 0, -5*z = -a - 517. Calculate the highest common factor of z and 24.
8
Let h = -592 + 1131. Calculate the greatest common factor of h and 147.
49
Let c be (-4)/8 + 10/4. Suppose -6*y - 367 = -379. What is the greatest common divisor of y and c?
2
Let i be 1*(-12)/(4 - 7). Suppose -i*j + 44 = 5*n, -n - 33 = -3*j - 5*n. Let t = j + 6. What is the greatest common divisor of 187 and t?
17
Let a be (152/32*-30)/((-6)/8). Calculate the highest common divisor of 38 and a.
38
Let l = -230 + 232. Calculate the greatest common factor of l and 98.
2
Let o be -3 + 52 + -1*5. Suppose o = a + 24. Calculate the highest common factor of a and 120.
20
Suppose -44*r + 50*r - 288 = 0. Calculate the highest common divisor of 8 and r.
8
Let x(f) = f**2 - 14*f + 25. Let w be x(16). What is the greatest common divisor of 114 and w?
57
Let j(q) = 27*q - 5. Let g be j(1). Suppose 4*x = l + 6, 4*l - 2*x - x = 2. Calculate the greatest common factor of g and l.
2
Let u be 9/15 + (-14)/(-35). Let k be 4*((-2 - u) + 4). What is the highest common divisor of 12 and k?
4
Suppose 12*k - 203 - 385 = 0. Calculate the greatest common factor of k and 490.
49
Let s = 32 + -22. Suppose -b = 5*b - 120. Calculate the highest common factor of s and b.
10
Let v(o) = 14*o**2 - 24*o - 26. Let d be v(-1). Suppose 0 = 4*q - 0*q - 4. What is the highest common factor of d and q?
1
Let x = 358 + -337. Let m(n) = 4*n + 8. Let k be m(7). Let j = -22 + k. What is the highest common divisor of j and x?
7
Let x be (25 + -29)*1*-1. Let s(c) = -3*c**2 - 2. Let g be s(x). Let b be (-4)/(g/(-15) - 4). Calculate the greatest common factor of 9 and b.
3
Let q be -10 + 7 - -608 - (-3 - 0). Calculate the highest common divisor of 19 and q.
19
Let s = -3 - -21. Suppose t + 3*n + 16 = -13, -2*t - 46 = 3*n. Let x = s + t. Calculate the greatest common divisor of x and 1.
1
Suppose -h - h = -20. Suppose 0 = 4*r + 2*g - 30, 2*r = 4*r - 4*g + h. Suppose 6*a = -7 + 67. Calculate the greatest common divisor of r and a.
5
Suppose -4*z = 0, b + 5 = -z - 1. Let d be 6/18 + (-4)/b. What is the greatest common divisor of d and 4?
1
Let a(z) = 2*z**2 - 6*z. Let p be a(4). Suppose 1 = r - p. Let t be 1 + 5/(0 - -1). What is the greatest common divisor of r and t?
3
Let o(w) = -13*w - 55. Let d be o(-7). Calculate the greatest common divisor of 36 and d.
36
Suppose -u = 4*w + 33 - 34, 0 = 2*u - 2*w - 42. Calculate the greatest common factor of 646 and u.
17
Let s(k) be the third derivative of -5*k**4/24 + 2*k**3/3 - 15*k**2. Let o be s(-1). What is the highest common divisor of 3 and o?
3
Let c(q) be the first derivative of -q**4/4 - 8*q**3/3 + 4*q**2 + 12*q + 9. Let y be c(-10). Calculate the highest common divisor of 22 and y.
22
Let l = 65 - 96. Let s = -22 - l. Let q(i) = -i**2 + 73*i - 517. Let h be q(65). Calculate the highest common factor of s and h.
3
Suppose 0 = 2*x - 6*x. Suppose a - 25 = -x*a. What is the highest common factor of 275 and a?
25
Let b(k) = 2*k**2 + 19*k - 1. Let j be b(-13). Let h = j + -52. Calculate the greatest common factor of h and 190.
38
Suppose -4*f + 15 = -9. Suppose -f*d = -10*d + 136. Suppose -204 = -4*m - z, -4*z = 3*m - 0*z - 153. What is the highest common divisor of m and d?
17
Suppose 4*t - 2*m = 18, -3*t - m = 4*m + 6. Let x = -61 + t. Let z = x - -98. Calculate the greatest common factor of z and 8.
8
Suppose -k = -4, 5*m - 417 - 23 = 5*k. What is the greatest common divisor of 44 and m?
4
Let d = 675 + -454. What is the highest common factor of d and 34?
17
Let s be -4*15/50 + (-2130)/(-25). What is the highest common divisor of 192 and s?
12
Suppose 150*b = 171*b - 7098. Calculate the highest common factor of 312 and b.
26
Let g(v) = v - 2. Let f be g(3). Let j = 9 + -9. Suppose h - 3 - 1 = j. What is the greatest common divisor of f and h?
1
Let r be 153 + (0 + -3 - -3). Let l(z) = 2*z**3 - z**3 + 7*z**2 - 6*z + 2 - 2*z**3 - z. Let t be l(5). Calculate the highest common divisor of t and r.
17
Let y(p) be the second derivative of -p**3/3 + p**2/2 - 26*p + 2. Let b be (-3)/((0 - 1)/(-1)). Let x be y(b). Calculate the highest common divisor of 21 and x.
7
Suppose 0*r + 2*r + 2 = 0, 2*w + 5*r - 147 = 0. Calculate the greatest common divisor of w and 1292.
76
Let g(b) = -9*b - 3. Let t be g(-2). Suppose t = 3*l + 3*v - 3, 5*v - 18 = l. Calculate the greatest common divisor of 18 and l.
2
Suppose 3 = 3*w -